{"id":779,"date":"2025-03-18T17:20:52","date_gmt":"2025-03-18T17:20:52","guid":{"rendered":"https:\/\/nds.cl\/wordpress\/?post_type=product&#038;p=779"},"modified":"2025-03-19T03:42:37","modified_gmt":"2025-03-19T03:42:37","slug":"gorros","status":"publish","type":"product","link":"https:\/\/nds.cl\/wordpress\/index.php\/producto\/gorros\/","title":{"rendered":"Gorros"},"content":{"rendered":"<p data-start=\"0\" data-end=\"261\">Un accesorio perfecto para tu estilo,los gorros con estampado en sublimaci\u00f3n son una excelente opci\u00f3n si buscas dise\u00f1os coloridos, duraderos y de alta calidad. La sublimaci\u00f3n permite imprimir im\u00e1genes, logotipos o patrones sin que se desvanezcan con el tiempo, ya que la tinta se fusiona con la tela.<\/p>\n<h3 data-start=\"263\" data-end=\"313\"><strong data-start=\"267\" data-end=\"311\">Tipos de gorros ideales para sublimaci\u00f3n<\/strong><\/h3>\n<p data-start=\"314\" data-end=\"588\">\u2705 <strong data-start=\"316\" data-end=\"339\">Gorros tipo camionero<\/strong><br data-start=\"413\" data-end=\"416\" \/>\u2705<strong data-start=\"418\" data-end=\"439\">Gorros deportivos<\/strong>\u00a0<br data-start=\"488\" data-end=\"491\" \/>\u2705 <strong data-start=\"493\" data-end=\"529\">Gorros de pescador (sombreros de pescador)<\/strong><\/p>\n<h3 data-start=\"590\" data-end=\"636\"><strong data-start=\"594\" data-end=\"634\">Ventajas de la sublimaci\u00f3n en gorros.<\/strong><\/h3>\n<p data-start=\"637\" data-end=\"796\">\u2714\ufe0f Dise\u00f1os a todo color sin l\u00edmite de tonalidades<br data-start=\"733\" data-end=\"736\" \/>\u2714\ufe0f Ideal para logotipos<\/p>\n","protected":false},"excerpt":{"rendered":"<p>Un accesorio perfecto para tu estilo,los gorros con estampado en sublimaci\u00f3n son una excelente opci\u00f3n si buscas dise\u00f1os coloridos, duraderos y de alta calidad. La sublimaci\u00f3n permite imprimir im\u00e1genes, logotipos o patrones sin que se desvanezcan con el tiempo, ya que la tinta se fusiona con la tela.<\/p>\n","protected":false},"featured_media":780,"comment_status":"open","ping_status":"closed","template":"","meta":{"sfsi_plus_gutenberg_text_before_share":"","sfsi_plus_gutenberg_show_text_before_share":"","sfsi_plus_gutenberg_icon_type":"","sfsi_plus_gutenberg_icon_alignemt":"","sfsi_plus_gutenburg_max_per_row":"","_monsterinsights_skip_tracking":false,"_monsterinsights_sitenote_active":false,"_monsterinsights_sitenote_note":"","_monsterinsights_sitenote_category":0},"product_brand":[],"product_cat":[70],"product_tag":[],"class_list":{"0":"post-779","1":"product","2":"type-product","3":"status-publish","4":"has-post-thumbnail","6":"product_cat-gorros","8":"first","9":"instock","10":"sale","11":"taxable","12":"shipping-taxable","13":"purchasable","14":"product-type-variable"},"_links":{"self":[{"href":"https:\/\/nds.cl\/wordpress\/index.php\/wp-json\/wp\/v2\/product\/779","targetHints":{"allow":["GET"]}}],"collection":[{"href":"https:\/\/nds.cl\/wordpress\/index.php\/wp-json\/wp\/v2\/product"}],"about":[{"href":"https:\/\/nds.cl\/wordpress\/index.php\/wp-json\/wp\/v2\/types\/product"}],"replies":[{"embeddable":true,"href":"https:\/\/nds.cl\/wordpress\/index.php\/wp-json\/wp\/v2\/comments?post=779"}],"wp:featuredmedia":[{"embeddable":true,"href":"https:\/\/nds.cl\/wordpress\/index.php\/wp-json\/wp\/v2\/media\/780"}],"wp:attachment":[{"href":"https:\/\/nds.cl\/wordpress\/index.php\/wp-json\/wp\/v2\/media?parent=779"}],"wp:term":[{"taxonomy":"product_brand","embeddable":true,"href":"https:\/\/nds.cl\/wordpress\/index.php\/wp-json\/wp\/v2\/product_brand?post=779"},{"taxonomy":"product_cat","embeddable":true,"href":"https:\/\/nds.cl\/wordpress\/index.php\/wp-json\/wp\/v2\/product_cat?post=779"},{"taxonomy":"product_tag","embeddable":true,"href":"https:\/\/nds.cl\/wordpress\/index.php\/wp-json\/wp\/v2\/product_tag?post=779"}],"curies":[{"name":"wp","href":"https:\/\/api.w.org\/{rel}","templated":true}]}}